f be 2 - b - -17*11. Suppose -2*r = 3*r - f. Is r a composite number?
False
Is (-211 - 0)/(13 + -14) composite?
False
Suppose -a + 53 = -w + 3*w, -3*w = 3*a - 72. Let x = w - 15. Is x a prime number?
False
Let y = 1 - 6. Let h(t) be the first derivative of -3*t**2 - 7*t - 3. Is h(y) a prime number?
True
Let o(m) = 12*m**2 + 7*m - 1. Let a be o(-6). Suppose 0 = 3*g - 2*g - a. Is g composite?
False
Is (-6)/12*(-2667 + 1) a composite number?
True
Suppose 5*s = -10 + 40. Suppose 0 = g + 3*g - 2*w - 114, g - 5*w = s. Is g prime?
True
Suppose -o - 45 - 18 = 0. Let l = o + 174. Is l a prime number?
False
Let z(j) = -j**2 + 7*j + 8. Let b be z(8). Suppose b = 4*x + 3*m + 224, 0 = 4*x - x - 3*m + 168. Is x/(-6) + 1/(-3) a composite number?
True
Suppose -3*u = -3*c + 6, -5*c + 42 = 2*u + u. Is 544/6 + 2/c a prime number?
False
Let n(l) = 192*l + 1 - 37*l - l. Let i = 7 - 6. Is n(i) prime?
False
Suppose 222 = 4*j + 18. Is j a prime number?
False
Let w = 4187 + -1468. Is w a prime number?
True
Is (-870)/(-40)*(-88)/(-6) a composite number?
True
Suppose -9*s - 3810 = -9525. Is s composite?
True
Let d(t) = t + 11. Let w be d(-5). Is (-4)/(-16)*4*w composite?
True
Let k = 18 - 13. Suppose 4*s - 4*h = 800, -s + 2*s - k*h = 180. Is s composite?
True
Let p be (-26)/(-5)*(-10)/(-2). Let m be 4/p + (-15)/13. Is 5*-14*m/2 prime?
False
Let x = -2166 - -3961. Is x a composite number?
True
Let q(f) be the third derivative of 3*f**5/5 + f**4/12 - f**3/6 + 3*f**2. Is q(1) composite?
False
Suppose -15*w + 17*w = 1082. Is w a composite number?
False
Let y = -7 - -14. Let u = y + -2. Suppose 0 = -l + u*l - 596. Is l composite?
False
Let v(x) = x**2 - 6*x + 7. Let h be v(5). Let n = 81 + h. Is n prime?
True
Let y(w) = -w + 1949. Is y(0) a prime number?
True
Suppose 0*y + y - 143 = 0. Is y composite?
True
Suppose j - 4*j + 165 = -3*b, -4*j = 2*b - 220. Is j composite?
True
Let m(c) = c**3 + 0*c - 5*c - 3 - 8*c**2 + 2 + 0*c**3. Is m(10) prime?
True
Suppose 3*x = -9, 3*w + 1864 = -3*x - 16913. Is 3/5 - w/40 a prime number?
True
Suppose -3*g + 2*u + 2361 = 0, 3*g - 787 = 2*g + u. Is g a composite number?
False
Let u(k) = -k - 2. Let b be u(-4). Is 12/18*1257/b composite?
False
Suppose -4*j - 5*t + 160 = -985, 3*j - 851 = 4*t. Is j + 5 - (-2 - 1) a composite number?
False
Let z(h) = -h**3 + h**2 + 2*h - 1. Let l be z(2). Let t(f) = 117*f**2 - 3*f + 2. Let u be t(1). Is (l + (-2 - u))/(-1) prime?
False
Let z(u) = u**2 - 2*u - 1. Let y = -1 - 0. Let s be z(y). Suppose 3*q - s*q = 26. Is q a composite number?
True
Suppose -5*g = -4*t - 1619, -311 = -g + 6*t - 2*t. Is g a prime number?
False
Let y(g) = 81*g**3 - 3*g**2 - 7. Is y(3) a composite number?
False
Let q = 1985 + 137. Is q a composite number?
True
Suppose 0 = -4*i + 5*a - 143, -4*a + 106 = -3*i - 0*i. Let r = i - -439. Is r a prime number?
True
Let j = 88 - 49. Is j prime?
False
Suppose -2*b - 2*b + 8 = 0. Let i be ((-6)/9)/(b/(-453)). Let f = i + -74. Is f a composite number?
True
Let c be -1 + 2 + 6/2. Let i = c + 7. Suppose -5*k + 5*m + 6 = -4, 2*k + 5*m - i = 0. Is k prime?
True
Let w = -59 + 61. Is w a composite number?
False
Let k(u) = u**3 + 26*u**2 - 5*u - 13. Is k(-18) a composite number?
True
Let v(u) = -u - 2. Let h be v(-3). Let j(o) = 0 + o**3 + 2*o**2 + 4*o + 3*o - 8*o**2 + h. Is j(5) a prime number?
True
Let u(c) = -4*c - 17. Let n(f) = -f - 6. Let r(j) = -8*n(j) + 3*u(j). Is r(-4) a composite number?
False
Let x be (-1 - -132) + (-32)/8. Suppose b + 8 = x. Is b composite?
True
Let k be (-8)/(-3) - 10/15. Suppose -k*o = -3*o - 123. Let r = o - -202. Is r prime?
True
Suppose 5*u - 8*u = 0. Let q(w) = w + 547. Is q(u) composite?
False
Let d = -61 + 41. Let s be ((-12)/15)/((-2)/d). Is 246/8 + (-2)/s prime?
True
Let j(z) = -153*z - 14. Is j(-3) a composite number?
True
Let q = -911 + 1288. Is q composite?
True
Let m(b) = 69*b. Let h be m(1). Let v = -38 + h. Is v composite?
False
Let u(b) = 21*b. Let g be u(9). Let k = -124 + g. Suppose 0*m - k = -5*m. Is m prime?
True
Let a(p) = 20*p**2 + p - 3. Is a(2) a composite number?
False
Suppose -4*m + 3*h + 2521 = 0, -2*h - 1257 = -2*m + 3*h. Is m prime?
True
Suppose h - v - 6246 = -4*v, -4*v + 6247 = h. Is h prime?
False
Let y(f) = -f**3 - 8*f**2 + 40*f - 2. Is y(-13) prime?
False
Suppose y + 2*y + 15 = 0, 2*y = -4*d + 14. Let o(p) = p**3 - 6*p**2 - 2*p + 6. Let w be o(d). Let z(i) = i**2 + 4*i - 1. Is z(w) a prime number?
True
Suppose 0 = -2*n + 4*n + 480. Let x = n - -947. Is x prime?
False
Is (23012/(-110))/((-2)/5) prime?
True
Let b = 309 + 22. Is b a composite number?
False
Let s(o) = o**2 - o - 1. Let r be 1 + 1 + (0 - -2). Let k(z) = -2*z**2 + 13. Let j(p) = r*s(p) + k(p). Is j(7) a composite number?
False
Is (2466/12 - -5) + (-2)/(-4) a prime number?
True
Is 9/(-6)*(-742)/3 a composite number?
True
Let t = -1 + 1. Suppose t*i + 2*y = -2*i + 232, -116 = -i + 5*y. Suppose 0 = -3*r + 4*g - 29 + i, 2*g = -2*r + 72. Is r a prime number?
False
Let i(t) = -t**2 + 9*t + 6. Let r be i(9). Let p(c) = -c**2 + 7*c - 4. Let x be p(r). Suppose 0*s + 13 = x*s + 3*a, -1 = s + 3*a. Is s a composite number?
True
Let f(h) = 907*h - 33. Is f(4) a prime number?
False
Let b = -23 + 45. Is b a composite number?
True
Is ((-40)/(-30))/((-2)/(-183)) prime?
False
Is (-6 + 240 - (0 - -1))/1 a composite number?
False
Suppose y - 4*y + 15 = 0. Suppose y*i = 5*v - 45, 5*v - i + 0*i - 29 = 0. Suppose 59 = 4*x + h + 19, -64 = -4*x + v*h. Is x a prime number?
True
Let d be 1/5 - (-4)/(-20). Suppose j + 2*j - 369 = d. Is j prime?
False
Suppose f - 3284 = -3*f. Is f a prime number?
True
Suppose 2*q - 3 = 5. Suppose 2*z + 0*z - q = 0, 2*r = -2*z - 312. Is (1 - -1)*r/(-4) prime?
True
Suppose -t + 2*t = -3. Let k(f) = -25*f + 4. Let x be k(t). Suppose -2*s + 2*z + 38 = 0, -x = -5*s - 2*z + 3*z. Is s a prime number?
False
Suppose 5*y + 17 = 42. Suppose y*x - 861 - 394 = 0. Is x a prime number?
True
Let b = 1481 + -714. Is b a composite number?
True
Let f = -2 - 7. Let g(h) = -h**2 - 9*h - 3. Let p be g(f). Is ((-212)/6)/(2/p) a composite number?
False
Suppose -8 = 5*r - r + k, 3*k + 11 = r. Let j be 40/15 + 4/(-6). Is 10/j - r - -1 prime?
True
Is (2/(16/58))/((-9)/(-684)) prime?
False
Let n be 73/(((-12)/(-68))/3). Suppose 3*w = q - 419, -q + n = 2*q - w. Is q composite?
True
Suppose 0 = -2*a + 3*j + 6461, -3*j - 2 - 1 = 0. Is a a composite number?
False
Let a be (-2 - -1 - 0)*8. Let v = -3 - a. Suppose 0*z + 50 = v*k + 3*z, 4*k - 2*z = 62. Is k a prime number?
True
Suppose 3*z - 3*n = 3, 11 = 5*z + n - 4*n. Let i be z/1*252/16. Let p = i - -80. Is p prime?
False
Let l(n) = n + 8. Let g be l(-6). Suppose -k = -0*k - g. Is 787/k + 3/2 a prime number?
False
Suppose -7*i = -5*i - 826. Is i prime?
False
Is 2 + -2*1107/(-6) prime?
False
Suppose 0 = -2*g + 4*x + 1054 + 9884, 0 = 5*g + x - 27356. Is g a composite number?
False
Let t be 519/2 + (-2)/(-4). Suppose -2*x + t - 34 = 0. Is x a prime number?
True
Let t = 238 - 29. Is t a composite number?
True
Let l = -12 - -16. Suppose l*b + 4 = 0, 26 = 2*u + 5*b - 75. Is u a composite number?
False
Suppose -139 = 3*i + 2*i - 3*w, 2*i = -4*w - 40. Let v = 145 + i. Is v a composite number?
True
Let o = 605 + 854. Is o prime?
True
Let s(u) = u**2 - 2*u - 1. Let y be s(3). Is y/(1536/(-771) + 2) a prime number?
True
Suppose 0 = 2*z + 4*i - 88, -17 = 2*z + 2*i - 95. Is z a composite number?
True
Let r(i) = i**3 + 3*i**2 - i - 1. Let g be r(-3). Suppose 4*n = g*n + 102. Is n a composite number?
True
Let c = -1070 + 1519. Is c a composite number?
False
Suppose 0*b - 4*b = -948. Let z = 390 - b. Suppose -3*m - s = s - z, 0 = 3*s. Is m a composite number?
True
Suppose 3*w - 4 = 5. Is 161/w - (-6)/(-9) composite?
False
Is ((-4020)/(-48))/((-2)/(-8)) prime?
False
Let y(c) = 8*c**2 + 9*c + 3. Is y(-5) prime?
False
Let c be (-4)/6*36/(-8). Suppose -2*a - c*a = -105. Is a composite?
True
Let l(n) = n + 2. Let r be l(0). Suppose 0 = -t - r*t + 159. Is t a prime number?
True
Suppose -6*q + 86 = -340. Is q a composite number?
False
Suppose -3*k + 12 = -2*n - n, -2 = -2*k. Is (n + 5)/((-4)/(-94)) prime?
True
Let f(a) = -82*a - 2. Let k be f(2). Let h(j) = -j**2 + 4*j - 2. Let q be h(2). Is (k/4 + q)*-2 composite?
False
Suppose 138 = b - 149. Is b a composite number?
True
L